{"id":30,"date":"2015-11-17T15:17:37","date_gmt":"2015-11-17T14:17:37","guid":{"rendered":"https:\/\/chrherzog.de\/eic\/?page_id=30"},"modified":"2016-01-28T10:59:17","modified_gmt":"2016-01-28T09:59:17","slug":"englisch-fuer-senioren","status":"publish","type":"page","link":"https:\/\/www.englisch-in-coe.de\/?page_id=30","title":{"rendered":"Englisch f\u00fcr Senioren"},"content":{"rendered":"<p>Sie m\u00f6chten Ihr Ged\u00e4chtnis st\u00e4rken, sich einer neuen Herausforderung stellen und neue Menschen kennenlernen? Dann freuen Sie sich auf 55 kurzweilige Minuten in netter Atmosph\u00e4re in der Kommunikationsf\u00e4higkeit und Freude am Lernen ganz gro\u00df geschrieben wird.<\/p>\n<p>Die wichtigsten Voraussetzungen, um Fremdsprachen zu lernen, sind Motivation, Neugier und ganz viel Spa\u00df. Au\u00dfer des Blooming Late Materials arbeiten wir mit Spielen wie Bingo und Memory, um neue englische W\u00f6rter spielerisch fast nebenbei zu erlernen. In kleinen Gruppen wird intensiv auf Fragen eingegangen und ich stelle mich ganz auf das Lerntempo der Gruppe ein.<\/p>\n<p>Im September 2016 startet ein neuer Kurs!<\/p>\n<p>Ich freue mich auf Sie! Rufen Sie mich an unter Tel. 02541 888 44 18<\/p>\n<p>&nbsp;<\/p>\n","protected":false},"excerpt":{"rendered":"<p>Sie m\u00f6chten Ihr Ged\u00e4chtnis st\u00e4rken, sich einer neuen Herausforderung stellen und neue Menschen kennenlernen? Dann freuen Sie sich auf 55 kurzweilige Minuten in netter Atmosph\u00e4re in der Kommunikationsf\u00e4higkeit und Freude am Lernen ganz gro\u00df geschrieben wird. Die wichtigsten Voraussetzungen, um Fremdsprachen zu lernen, sind Motivation, Neugier und ganz viel Spa\u00df. Au\u00dfer des Blooming Late Materials &#8230; <a title=\"Englisch f\u00fcr Senioren\" class=\"read-more\" href=\"https:\/\/www.englisch-in-coe.de\/?page_id=30\" aria-label=\"Mehr Informationen \u00fcber Englisch f\u00fcr Senioren\">Weiterlesen<\/a><\/p>\n","protected":false},"author":1,"featured_media":0,"parent":27,"menu_order":0,"comment_status":"closed","ping_status":"closed","template":"","meta":{"footnotes":""},"class_list":["post-30","page","type-page","status-publish"],"_links":{"self":[{"href":"https:\/\/www.englisch-in-coe.de\/index.php?rest_route=\/wp\/v2\/pages\/30","targetHints":{"allow":["GET"]}}],"collection":[{"href":"https:\/\/www.englisch-in-coe.de\/index.php?rest_route=\/wp\/v2\/pages"}],"about":[{"href":"https:\/\/www.englisch-in-coe.de\/index.php?rest_route=\/wp\/v2\/types\/page"}],"author":[{"embeddable":true,"href":"https:\/\/www.englisch-in-coe.de\/index.php?rest_route=\/wp\/v2\/users\/1"}],"replies":[{"embeddable":true,"href":"https:\/\/www.englisch-in-coe.de\/index.php?rest_route=%2Fwp%2Fv2%2Fcomments&post=30"}],"version-history":[{"count":3,"href":"https:\/\/www.englisch-in-coe.de\/index.php?rest_route=\/wp\/v2\/pages\/30\/revisions"}],"predecessor-version":[{"id":90,"href":"https:\/\/www.englisch-in-coe.de\/index.php?rest_route=\/wp\/v2\/pages\/30\/revisions\/90"}],"up":[{"embeddable":true,"href":"https:\/\/www.englisch-in-coe.de\/index.php?rest_route=\/wp\/v2\/pages\/27"}],"wp:attachment":[{"href":"https:\/\/www.englisch-in-coe.de\/index.php?rest_route=%2Fwp%2Fv2%2Fmedia&parent=30"}],"curies":[{"name":"wp","href":"https:\/\/api.w.org\/{rel}","templated":true}]}}